3) to base 7
-30646
What is -16426 (base 7) in base 4?
-1021003
What is 2f65 (base 16) in base 14?
45c9
-6145 (base 12) to base 3
-112111022
5370 (base 11) to base 2
1101110110111
Convert -225403 (base 6) to base 10.
-19371
What is 347 (base 12) in base 10?
487
What is -1e13 (base 16) in base 2?
-1111000010011
Convert 377 (base 9) to base 2.
100111001
4a01 (base 13) to base 7
42360
What is -341032 (base 5) in base 8?
-27361
Convert -36636 (base 7) to base 5.
-301312
8207 (base 10) to base 7
32633
Convert -5b3b (base 15) to base 8.
-45716
-8c97 (base 16) to base 15
-a9e6
92 (base 11) to base 2
1100101
11111101101 (base 2) to base 8
3755
What is 1232 (base 7) in base 15?
20e
Convert -3321 (base 12) to base 4.
-1120021
What is -664 (base 8) in base 10?
-436
What is 1202003 (base 5) in base 11?
15697
Convert -af6 (base 16) to base 10.
-2806
What is -214340 (base 5) in base 10?
-7470
Convert 4644 (base 15) to base 11.
10229
Convert 90 (base 14) to base 7.
240
13015 (base 6) to base 14
9d9
Convert -7b5a (base 15) to base 8.
-63111
1105 (base 14) to base 11
2238
Convert -10000101 (base 2) to base 15.
-8d
Convert 4535 (base 7) to base 2.
11001101011
10011000001 (base 2) to base 4
103001
What is 96 (base 16) in base 6?
410
What is 33b5 (base 13) in base 9?
10841
What is -c30c (base 16) in base 7?
-265401
Convert -c29 (base 15) to base 6.
-20403
-57345 (base 8) to base 2
-101111011100101
Convert 6c9 (base 15) to base 12.
a83
What is -102010 (base 3) in base 14?
-176
Convert -1767c (base 13) to base 2.
-1011000000000001
-10000011000 (base 2) to base 9
-1384
Convert -1011111001101 (base 2) to base 8.
-13715
What is 372 (base 14) in base 9?
844
Convert 10304 (base 8) to base 9.
5788
What is -2131244 (base 5) in base 14?
-d3d7
-924a (base 11) to base 12
-712b
173aa (base 12) to base 6
414334
What is 645 (base 11) in base 10?
775
Convert -455 (base 6) to base 2.
-10110011
What is -11110110101 (base 2) in base 6?
-13045
-2132 (base 5) to base 4
-10210
5ae8 (base 15) to base 8
45617
d5c6 (base 15) to base 8
130202
21100 (base 6) to base 12
1790
Convert 662b (base 14) to base 4.
10110033
What is 2111 (base 7) in base 4?
23213
What is 845a (base 11) in base 15?
34b7
Convert -621 (base 15) to base 2.
-10101100101
-1057 (base 11) to base 6
-10241
-361 (base 10) to base 3
-111101
What is -10004 (base 6) in base 14?
-68c
What is 313 (base 14) in base 10?
605
What is 3cfb (base 16) in base 10?
15611
What is -1131 (base 10) in base 14?
-5ab
What is -100000101 (base 2) in base 3?
-100200
What is 4a3b (base 13) in base 2?
10100100100000
Convert -12102 (base 3) to base 15.
-9b
Convert 40520 (base 6) to base 4.
1110000
What is -7773 (base 8) in base 6?
-30535
-6431 (base 8) to base 14
-1317
-47bc (base 15) to base 3
-202220220
-3436 (base 7) to base 3
-1201101
What is -20013110 (base 4) in base 2?
-1000000111010100
What is 130003 (base 4) in base 2?
11100000011
-2188 (base 9) to base 13
-977
What is -130101 (base 5) in base 11?
-385a
Convert 1051042 (base 6) to base 12.
26a82
What is 10122 (base 8) in base 14?
1746
Convert 110111 (base 5) to base 12.
2231
What is 1bdc (base 14) in base 12?
2b46
-213 (base 11) to base 7
-514
-111020220 (base 3) to base 9
-14226
Convert -760 (base 14) to base 16.
-5b0
What is -298 (base 15) in base 14?
-305
522 (base 7) to base 9
320
What is -86 (base 12) in base 14?
-74
Convert 1011111 (base 2) to base 9.
115
Convert 153b (base 16) to base 12.
318b
-93df (base 16) to base 12
-19aa7
-29454 (base 11) to base 4
-22031030
Convert 7c2 (base 16) to base 12.
1196
-10000110100011 (base 2) to base 11
-6519
What is b18 (base 12) in base 13?
965
24770 (base 12) to base 8
140504
Convert -5c89 (base 15) to base 6.
-231120
What is -3244 (base 5) in base 15?
-1ee
Convert -547 (base 10) to base 8.
-1043
What is 26368 (base 10) in base 3?
1100011121
10001100001001100 (base 2) to base 6
1312112
Convert 3944 (base 12) to base 14.
2548
Convert 1555 (base 12) to base 13.
11b4
What is 1100001011000 (base 2) in base 16?
1858
What is c6 (base 14) in base 4?
2232
b388 (base 15) to base 12
19b48
Convert 110 (base 3) to base 11.
11
Convert -4663 (base 7) to base 10.
-1711
What is -101000011 (base 2) in base 11?
-274
Convert -1001133 (base 4) to base 6.
-31223
-1473 (base 9) to base 8
-2137
-2230 (base 5) to base 10
-315
Convert 1110111000000 (base 2) to base 3.
101110002
What is 594 (base 16) in base 3?
1221220
11011111010000 (base 2) to base 9
21535
Convert 1200113 (base 4) to base 3.
22110102
-1010012 (base 3) to base 11
-681
What is -28664 (base 9) in base 3?
-222202011
Convert 6b6 (base 12) to base 15.
46c
-1053 (base 8) to base 16
-22b
-40627 (base 8) to base 15
-4e96
-2785 (base 13) to base 12
-335a
What is 14927 (base 10) in base 8?
35117
Convert -35a05 (base 12) to base 16.
-11a65
Convert -16d8 (base 16) to base 3.
-22000121
16060 (base 12) to base 14
b50c
Convert -82b (base 15) to base 2.
-11100110001
What is 205 (base 15) in base 8?
707
What is -1627 (base 10) in base 15?
-737
Convert -1142 (base 5) to base 2.
-10101100
What is -12606 (base 7) in base 3?
-11122110
What is -212 (base 5) in base 9?
-63
What is 11011 (base 8) in base 13?
2142
10021201020 (base 3) to base 8
176237
What is 1145 (base 7) in base 16?
1a9
What is -124303 (base 5) in base 7?
-20304
What is 66 (base 8) in base 15?
39
161 (base 8) to base 16
71
What is 6102 (base 8) in base 10?
3138
290 (base 12) to base 9
480
What is -760 (base 8) in base 16?
-1f0
What is 57134 (base 9) in base 7?
215563
-2640 (base 7) to base 13
-5c7
Convert -35127 (base 9) to base 12.
-1168a
Convert 1020 (base 6) to base 11.
198
What is 40000 (base 6) in base 10?
5184
-55441 (base 8) to base 15
-6da4
-5504 (base 11) to base 6
-53344
What is 143335 (base 6) in base 2?
11010110101011
c88c (base 14) to base 15
a3d0
What is -42 (base 9) in base 16?
-26
Convert -5213 (base 6) to base 2.
-10010001001
What is 1816 (base 11) in base 5?
33231
Convert 445 (base 11) to base 4.
20111
What is -12102 (base 4) in base 9?
-486
1030331 (base 4) to base 9
6672
Convert -58c (base 14) to base 2.
-10001010000
38a (base 14) to base 9
868
-1353 (base 8) to base 5
-10442
Convert -33a (base 16) to base 10.
-826
Convert -15536 (base 7) to base 12.
-2658
What is -8593 (base 10) in base 11?
-6502
114150 (base 6) to base 3
111201110
Convert -44663 (base 9) to base 14.
-ab79
What is 69 (base 15) in base 7?
201
-210 (base 12) to base 13
-1a1
Convert 3b4a (base 15) to base 13.
59c8
What is -1304 (base 12) in base 10?
-2164
What is 2222 (base 4) in base 11?
145
What is 224430 (base 5) in base 11?
6108
What is -1102111 (base 3) in base 2?
-10000001111
Convert -7074 (base 9) to base 12.
-2baa
21210 (base 3) to base 2
11010010
Convert -102131 (base 5) to base 11.
-2626
What is b41 (base 13) in base 4?
131320
7601 (base 8) to base 11
2a89
515053 (base 6) to base 16
a149
Convert -11012 (base 4) to base 11.
-277
Convert 4004 (base 8) to base 7.
5661
5466 (base 16) to base 4
11101212
What is -201 (base 11) in base 4?
-3303
8c61 (base 14) to base 16
5f45
Convert -cf9f (base 16) to base 8.
-147637
What is -b093 (base 13) in base 8?
-57337
What is 422 (base 8) in base 2?
100010010
Convert 47 (base 10) to base 7.
65
What is 45641 (base 10) in base 4?
23021021
-112584 (base 9) to base 13
-24991
Convert 3300 (base 5) to base 16.
1c2
349 (base 10) to base 2
101011101
20202 (base 4) to base 13
330
2139 (base 12) to base 6
24513
-79d7 (base 15) to base 8
-62374
-711 (base 16) to base 14
-933
Convert 4208 (base 11) to base 5.
134244
What is 779a (base 11) in base 4?
2200201
Convert -ad1 (base 16) to base 12.
-1729
What is 54332 (base 6) in base 14?
2a1a
What is -63011 (base 7) in base 4?
-3301103
a632 (base 11) to base 7
56011
Convert a598 (base 13) to base 2.
101100110011100
What is -4142 (base 5) in base 3?
-202021
What is 140105 (base 7) in base 5?
1321330
What is 5304 (base 12) in base 15?
2a51
What is 12c (base 14) in base 7?
455
11 (base 10) to base 5
21
Convert 2345 (base 8) to base 14.
657
What is -110110001000 (base 2) in base 6?
-24012
Convert -679 (base 14) to base 16.
-503
What is -1dbc (base 14) in base 15?
-193d
Convert 10001010011111 (base 2) to base 8.
21237
6231 (base 13) to base 3
200121020
Convert 1133 (base 7) to base 14.
21a
4155 (base 7